{"id":1463,"date":"2021-06-07T11:16:30","date_gmt":"2021-06-07T11:16:30","guid":{"rendered":"http:\/\/localhost\/wordpress\/?page_id=1463"},"modified":"2022-02-08T14:49:09","modified_gmt":"2022-02-08T14:49:09","slug":"participacao-empresas","status":"publish","type":"page","link":"https:\/\/circohubportugal.lneg.pt\/?page_id=1463","title":{"rendered":"PARTICIPA\u00c7\u00c3O | Empresas"},"content":{"rendered":"\t\t<div data-elementor-type=\"wp-page\" data-elementor-id=\"1463\" class=\"elementor elementor-1463\" data-elementor-settings=\"[]\">\n\t\t\t\t\t\t<div class=\"elementor-inner\">\n\t\t\t\t\t\t\t<div class=\"elementor-section-wrap\">\n\t\t\t\t\t\t\t<section class=\"elementor-section elementor-top-section elementor-element elementor-element-555b98ad elementor-section-boxed elementor-section-height-default elementor-section-height-default\" data-id=\"555b98ad\" data-element_type=\"section\" data-settings=\"{&quot;background_background&quot;:&quot;classic&quot;}\">\n\t\t\t\t\t\t\t<div class=\"elementor-background-overlay\"><\/div>\n\t\t\t\t\t\t\t<div class=\"elementor-container elementor-column-gap-default\">\n\t\t\t\t\t\t\t<div class=\"elementor-row\">\n\t\t\t\t\t<div class=\"elementor-column elementor-col-100 elementor-top-column elementor-element elementor-element-496b3581\" data-id=\"496b3581\" data-element_type=\"column\">\n\t\t\t<div class=\"elementor-column-wrap elementor-element-populated\">\n\t\t\t\t\t\t\t<div class=\"elementor-widget-wrap\">\n\t\t\t\t\t\t<div class=\"elementor-element elementor-element-6a833cfb elementor-view-default elementor-position-top elementor-vertical-align-top elementor-widget elementor-widget-icon-box\" data-id=\"6a833cfb\" data-element_type=\"widget\" data-widget_type=\"icon-box.default\">\n\t\t\t\t<div class=\"elementor-widget-container\">\n\t\t\t\t\t<div class=\"elementor-icon-box-wrapper\">\n\t\t\t\t\t\t<div class=\"elementor-icon-box-icon\">\n\t\t\t\t<span class=\"elementor-icon elementor-animation-\" >\n\t\t\t\t<i aria-hidden=\"true\" class=\"fas fa-city\"><\/i>\t\t\t\t<\/span>\n\t\t\t<\/div>\n\t\t\t\t\t\t<div class=\"elementor-icon-box-content\">\n\t\t\t\t<h3 class=\"elementor-icon-box-title\">\n\t\t\t\t\t<span >Empresas<\/span>\n\t\t\t\t<\/h3>\n\t\t\t\t\t\t\t<\/div>\n\t\t<\/div>\n\t\t\t\t<\/div>\n\t\t\t\t<\/div>\n\t\t\t\t<div class=\"elementor-element elementor-element-7cf0458f elementor-widget elementor-widget-text-editor\" data-id=\"7cf0458f\" data-element_type=\"widget\" data-widget_type=\"text-editor.default\">\n\t\t\t\t<div class=\"elementor-widget-container\">\n\t\t\t\t\t\t\t\t<div class=\"elementor-text-editor elementor-clearfix\">\n\t\t\t\t\t<p style=\"text-align: left;\"><strong>A quem se destina<\/strong><\/p>\t\t\t\t\t<\/div>\n\t\t\t\t\t\t<\/div>\n\t\t\t\t<\/div>\n\t\t\t\t<div class=\"elementor-element elementor-element-487fa3c elementor-widget elementor-widget-text-editor\" data-id=\"487fa3c\" data-element_type=\"widget\" data-widget_type=\"text-editor.default\">\n\t\t\t\t<div class=\"elementor-widget-container\">\n\t\t\t\t\t\t\t\t<div class=\"elementor-text-editor elementor-clearfix\">\n\t\t\t\t\t<p>A forma\u00e7\u00e3o destina-se a <strong>empresas de qualquer dimens\u00e3o<\/strong> (com prioridade a <strong>PME<\/strong>), <strong>respons\u00e1veis pela fabrica\u00e7\u00e3o de produtos<\/strong> (com design pr\u00f3prio ou externo) e que tenham <strong>interesse em aplicar estrat\u00e9gias e pr\u00e1ticas<\/strong> para desenvolver o seu neg\u00f3cio, rumo \u00e0 sustentabilidade e economia circular.<\/p><p>Em cada <em>track<\/em> participam at\u00e9 10 empresas. Cada empresa \u00e9 representada por dois colaboradores na forma\u00e7\u00e3o. De modo a garantir a participa\u00e7\u00e3o efetiva de dois elementos, cada empresa deve ainda indicar um participante suplente, para o caso de surgir alguma impossibilidade.<\/p><p>Os participantes devem representar <u>duas<\/u> das seguintes \u00e1reas:<\/p><ul><li style=\"list-style-type: none;\"><ul><li><b>Design\/desenvolvimento<\/b> (obrigat\u00f3rio)<\/li><li><b>Marketing\/vendas<\/b><\/li><li><b>Inova\u00e7\u00e3o\/estrat\u00e9gia<\/b><\/li><li><b>Gest\u00e3o de topo ou dire\u00e7\u00e3o\/gest\u00e3o interm\u00e9dia<\/b><\/li><\/ul><\/li><\/ul>\t\t\t\t\t<\/div>\n\t\t\t\t\t\t<\/div>\n\t\t\t\t<\/div>\n\t\t\t\t<section class=\"elementor-section elementor-inner-section elementor-element elementor-element-456d974d elementor-section-boxed elementor-section-height-default elementor-section-height-default\" data-id=\"456d974d\" data-element_type=\"section\">\n\t\t\t\t\t\t<div class=\"elementor-container elementor-column-gap-default\">\n\t\t\t\t\t\t\t<div class=\"elementor-row\">\n\t\t\t\t\t<div class=\"elementor-column elementor-col-100 elementor-inner-column elementor-element elementor-element-64759568\" data-id=\"64759568\" data-element_type=\"column\">\n\t\t\t<div class=\"elementor-column-wrap elementor-element-populated\">\n\t\t\t\t\t\t\t<div class=\"elementor-widget-wrap\">\n\t\t\t\t\t\t<div class=\"elementor-element elementor-element-720883b8 elementor-widget elementor-widget-menu-anchor\" data-id=\"720883b8\" data-element_type=\"widget\" data-widget_type=\"menu-anchor.default\">\n\t\t\t\t<div class=\"elementor-widget-container\">\n\t\t\t\t\t<div id=\"EventosNoticias\" class=\"elementor-menu-anchor\"><\/div>\n\t\t\t\t<\/div>\n\t\t\t\t<\/div>\n\t\t\t\t\t\t<\/div>\n\t\t\t\t\t<\/div>\n\t\t<\/div>\n\t\t\t\t\t\t\t\t<\/div>\n\t\t\t\t\t<\/div>\n\t\t<\/section>\n\t\t\t\t\t\t<\/div>\n\t\t\t\t\t<\/div>\n\t\t<\/div>\n\t\t\t\t\t\t\t\t<\/div>\n\t\t\t\t\t<\/div>\n\t\t<\/section>\n\t\t\t\t<section class=\"elementor-section elementor-top-section elementor-element elementor-element-155680c7 elementor-section-boxed elementor-section-height-default elementor-section-height-default\" data-id=\"155680c7\" data-element_type=\"section\" data-settings=\"{&quot;background_background&quot;:&quot;classic&quot;}\">\n\t\t\t\t\t\t\t<div class=\"elementor-background-overlay\"><\/div>\n\t\t\t\t\t\t\t<div class=\"elementor-container elementor-column-gap-default\">\n\t\t\t\t\t\t\t<div class=\"elementor-row\">\n\t\t\t\t\t<div class=\"elementor-column elementor-col-100 elementor-top-column elementor-element elementor-element-638d734f\" data-id=\"638d734f\" data-element_type=\"column\">\n\t\t\t<div class=\"elementor-column-wrap elementor-element-populated\">\n\t\t\t\t\t\t\t<div class=\"elementor-widget-wrap\">\n\t\t\t\t\t\t<div class=\"elementor-element elementor-element-6f64135 elementor-align-left elementor-widget elementor-widget-button\" data-id=\"6f64135\" data-element_type=\"widget\" data-widget_type=\"button.default\">\n\t\t\t\t<div class=\"elementor-widget-container\">\n\t\t\t\t\t<div class=\"elementor-button-wrapper\">\n\t\t\t<a href=\"https:\/\/docs.google.com\/forms\/d\/e\/1FAIpQLSc-m6udb9Nstx6rH0ekapCNW2MLvgDuVEPQI7Yocin9R1Fu2w\/viewform\" target=\"_blank\" class=\"elementor-button-link elementor-button elementor-size-xs\" role=\"button\">\n\t\t\t\t\t\t<span class=\"elementor-button-content-wrapper\">\n\t\t\t\t\t\t<span class=\"elementor-button-icon elementor-align-icon-left\">\n\t\t\t\t<i aria-hidden=\"true\" class=\"far fa-list-alt\"><\/i>\t\t\t<\/span>\n\t\t\t\t\t\t<span class=\"elementor-button-text\">Formul\u00e1rio Inscri\u00e7\u00e3o<\/span>\n\t\t<\/span>\n\t\t\t\t\t<\/a>\n\t\t<\/div>\n\t\t\t\t<\/div>\n\t\t\t\t<\/div>\n\t\t\t\t<div class=\"elementor-element elementor-element-7074bb5 elementor-view-default elementor-position-top elementor-vertical-align-top elementor-widget elementor-widget-icon-box\" data-id=\"7074bb5\" data-element_type=\"widget\" data-widget_type=\"icon-box.default\">\n\t\t\t\t<div class=\"elementor-widget-container\">\n\t\t\t\t\t<div class=\"elementor-icon-box-wrapper\">\n\t\t\t\t\t\t<div class=\"elementor-icon-box-icon\">\n\t\t\t\t<span class=\"elementor-icon elementor-animation-\" >\n\t\t\t\t<i aria-hidden=\"true\" class=\"fas fa-file-alt\"><\/i>\t\t\t\t<\/span>\n\t\t\t<\/div>\n\t\t\t\t\t\t<div class=\"elementor-icon-box-content\">\n\t\t\t\t<h3 class=\"elementor-icon-box-title\">\n\t\t\t\t\t<span >Processo de candidatura e sele\u00e7\u00e3o<\/span>\n\t\t\t\t<\/h3>\n\t\t\t\t\t\t\t<\/div>\n\t\t<\/div>\n\t\t\t\t<\/div>\n\t\t\t\t<\/div>\n\t\t\t\t<div class=\"elementor-element elementor-element-6222bfce elementor-widget elementor-widget-text-editor\" data-id=\"6222bfce\" data-element_type=\"widget\" data-widget_type=\"text-editor.default\">\n\t\t\t\t<div class=\"elementor-widget-container\">\n\t\t\t\t\t\t\t\t<div class=\"elementor-text-editor elementor-clearfix\">\n\t\t\t\t\t<p>Os interessados devem manifestar o interesse em participar no CIRCO Hub Portugal atrav\u00e9s do preenchimento do formul\u00e1rio de candidatura.<\/p><p>As candidaturas ser\u00e3o avaliadas pela equipa do CIRCO Hub Portugal, de modo a garantir a elegibilidade dos participantes.<\/p><p>A sele\u00e7\u00e3o ser\u00e1 comunicada de acordo com as datas previstas para cada <em>track<\/em>.<\/p><p>As empresas selecionadas devem comprometer-se a assegurar a presen\u00e7a e envolvimento dos seus representantes ao longo de todo o <em>track.<\/em><\/p>\t\t\t\t\t<\/div>\n\t\t\t\t\t\t<\/div>\n\t\t\t\t<\/div>\n\t\t\t\t<div class=\"elementor-element elementor-element-2203d473 elementor-widget elementor-widget-text-editor\" data-id=\"2203d473\" data-element_type=\"widget\" data-widget_type=\"text-editor.default\">\n\t\t\t\t<div class=\"elementor-widget-container\">\n\t\t\t\t\t\t\t\t<div class=\"elementor-text-editor elementor-clearfix\">\n\t\t\t\t\t<p><strong>Pr\u00e9-inscri\u00e7\u00e3o num <em>track<\/em> de design de neg\u00f3cios circulares CIRCO<\/strong><\/p>\t\t\t\t\t<\/div>\n\t\t\t\t\t\t<\/div>\n\t\t\t\t<\/div>\n\t\t\t\t<div class=\"elementor-element elementor-element-5eb9c213 elementor-widget elementor-widget-text-editor\" data-id=\"5eb9c213\" data-element_type=\"widget\" data-widget_type=\"text-editor.default\">\n\t\t\t\t<div class=\"elementor-widget-container\">\n\t\t\t\t\t\t\t\t<div class=\"elementor-text-editor elementor-clearfix\">\n\t\t\t\t\t<p>A sua empresa procura identificar oportunidades para inovar o seu neg\u00f3cio e saber como orientar o processo produtivo e o design de produtos segundo princ\u00edpios de economia circular?<\/p><ul><li style=\"list-style-type: none;\"><ul><li>O preenchimento do formul\u00e1rio de candidatura n\u00e3o garante a participa\u00e7\u00e3o no <em>track<\/em> de forma\u00e7\u00e3o.<\/li><li>Para adequar o perfil dos formandos ao programa de cada <em>track<\/em>, a equipa da CIRCO Hub Portugal ir\u00e1 analisar as respostas ao formul\u00e1rio de pr\u00e9-inscri\u00e7\u00e3o. Entraremos em contacto para confirma\u00e7\u00e3o da sua participa\u00e7\u00e3o.<\/li><li>Ap\u00f3s aceita\u00e7\u00e3o da candidatura, a participa\u00e7\u00e3o das empresas ser\u00e1 formalizada atrav\u00e9s de um acordo de compromisso com o CIRCO Hub Portugal.<\/li><\/ul><\/li><\/ul><p><strong>Fa\u00e7a a sua pr\u00e9-inscri\u00e7\u00e3o num <em>track<\/em> de forma\u00e7\u00e3o CIRCO Hub Portugal para obter uma vis\u00e3o global de como potenciar a cria\u00e7\u00e3o de valor do seu produto, neg\u00f3cio e empresa. As vagas s\u00e3o limitadas.<\/strong><\/p>\t\t\t\t\t<\/div>\n\t\t\t\t\t\t<\/div>\n\t\t\t\t<\/div>\n\t\t\t\t<div class=\"elementor-element elementor-element-7ba080e8 elementor-align-left elementor-widget elementor-widget-button\" data-id=\"7ba080e8\" data-element_type=\"widget\" data-widget_type=\"button.default\">\n\t\t\t\t<div class=\"elementor-widget-container\">\n\t\t\t\t\t<div class=\"elementor-button-wrapper\">\n\t\t\t<a href=\"https:\/\/docs.google.com\/forms\/d\/e\/1FAIpQLSc-m6udb9Nstx6rH0ekapCNW2MLvgDuVEPQI7Yocin9R1Fu2w\/viewform\" target=\"_blank\" class=\"elementor-button-link elementor-button elementor-size-xs\" role=\"button\">\n\t\t\t\t\t\t<span class=\"elementor-button-content-wrapper\">\n\t\t\t\t\t\t<span class=\"elementor-button-icon elementor-align-icon-left\">\n\t\t\t\t<i aria-hidden=\"true\" class=\"far fa-list-alt\"><\/i>\t\t\t<\/span>\n\t\t\t\t\t\t<span class=\"elementor-button-text\">Formul\u00e1rio Inscri\u00e7\u00e3o<\/span>\n\t\t<\/span>\n\t\t\t\t\t<\/a>\n\t\t<\/div>\n\t\t\t\t<\/div>\n\t\t\t\t<\/div>\n\t\t\t\t<section class=\"elementor-section elementor-inner-section elementor-element elementor-element-20cd56d9 elementor-section-boxed elementor-section-height-default elementor-section-height-default\" data-id=\"20cd56d9\" data-element_type=\"section\">\n\t\t\t\t\t\t<div class=\"elementor-container elementor-column-gap-default\">\n\t\t\t\t\t\t\t<div class=\"elementor-row\">\n\t\t\t\t\t<div class=\"elementor-column elementor-col-100 elementor-inner-column elementor-element elementor-element-36b15bd8\" data-id=\"36b15bd8\" data-element_type=\"column\">\n\t\t\t<div class=\"elementor-column-wrap elementor-element-populated\">\n\t\t\t\t\t\t\t<div class=\"elementor-widget-wrap\">\n\t\t\t\t\t\t<div class=\"elementor-element elementor-element-227a988f elementor-widget elementor-widget-image\" data-id=\"227a988f\" data-element_type=\"widget\" data-widget_type=\"image.default\">\n\t\t\t\t<div class=\"elementor-widget-container\">\n\t\t\t\t\t\t\t\t<div class=\"elementor-image\">\n\t\t\t\t\t\t\t\t\t\t\t\t<img width=\"246\" height=\"57\" src=\"https:\/\/circohubportugal.lneg.pt\/wp-content\/uploads\/2021\/06\/fundo_ambientaltext_grey_transp_1.png\" class=\"attachment-full size-full\" alt=\"\" loading=\"lazy\" sizes=\"100vw\" \/>\t\t\t\t\t\t\t\t\t\t\t\t\t\t<\/div>\n\t\t\t\t\t\t<\/div>\n\t\t\t\t<\/div>\n\t\t\t\t\t\t<\/div>\n\t\t\t\t\t<\/div>\n\t\t<\/div>\n\t\t\t\t\t\t\t\t<\/div>\n\t\t\t\t\t<\/div>\n\t\t<\/section>\n\t\t\t\t\t\t<\/div>\n\t\t\t\t\t<\/div>\n\t\t<\/div>\n\t\t\t\t\t\t\t\t<\/div>\n\t\t\t\t\t<\/div>\n\t\t<\/section>\n\t\t\t\t\t\t<\/div>\n\t\t\t\t\t\t<\/div>\n\t\t\t\t\t<\/div>\n\t\t","protected":false},"excerpt":{"rendered":"<p>Empresas A quem se destina A forma\u00e7\u00e3o destina-se a empresas de qualquer dimens\u00e3o (com prioridade a PME), respons\u00e1veis pela fabrica\u00e7\u00e3o de produtos (com design pr\u00f3prio ou externo) e que tenham interesse em aplicar estrat\u00e9gias e pr\u00e1ticas para desenvolver o seu neg\u00f3cio, rumo \u00e0 sustentabilidade e economia circular. Em cada track participam at\u00e9 10 empresas. Cada &hellip; <\/p>\n<p class=\"link-more\"><a href=\"https:\/\/circohubportugal.lneg.pt\/?page_id=1463\" class=\"more-link\">Continuar a ler <span class=\"screen-reader-text\">&#8220;PARTICIPA\u00c7\u00c3O | Empresas&#8221;<\/span><\/a><\/p>\n","protected":false},"author":2,"featured_media":0,"parent":0,"menu_order":0,"comment_status":"closed","ping_status":"closed","template":"elementor_header_footer","meta":{"_monsterinsights_skip_tracking":false,"_monsterinsights_sitenote_active":false,"_monsterinsights_sitenote_note":"","_monsterinsights_sitenote_category":0},"_links":{"self":[{"href":"https:\/\/circohubportugal.lneg.pt\/index.php?rest_route=\/wp\/v2\/pages\/1463"}],"collection":[{"href":"https:\/\/circohubportugal.lneg.pt\/index.php?rest_route=\/wp\/v2\/pages"}],"about":[{"href":"https:\/\/circohubportugal.lneg.pt\/index.php?rest_route=\/wp\/v2\/types\/page"}],"author":[{"embeddable":true,"href":"https:\/\/circohubportugal.lneg.pt\/index.php?rest_route=\/wp\/v2\/users\/2"}],"replies":[{"embeddable":true,"href":"https:\/\/circohubportugal.lneg.pt\/index.php?rest_route=%2Fwp%2Fv2%2Fcomments&post=1463"}],"version-history":[{"count":101,"href":"https:\/\/circohubportugal.lneg.pt\/index.php?rest_route=\/wp\/v2\/pages\/1463\/revisions"}],"predecessor-version":[{"id":3632,"href":"https:\/\/circohubportugal.lneg.pt\/index.php?rest_route=\/wp\/v2\/pages\/1463\/revisions\/3632"}],"wp:attachment":[{"href":"https:\/\/circohubportugal.lneg.pt\/index.php?rest_route=%2Fwp%2Fv2%2Fmedia&parent=1463"}],"curies":[{"name":"wp","href":"https:\/\/api.w.org\/{rel}","templated":true}]}}